and 153388.
124
What is the greatest common divisor of 584 and 490702204?
292
What is the greatest common factor of 9089668 and 2336?
292
Calculate the greatest common factor of 20 and 492668.
4
What is the highest common divisor of 91600 and 10032032?
3664
Calculate the highest common factor of 178 and 51266581.
89
Calculate the highest common divisor of 19501328 and 132.
44
What is the highest common divisor of 75 and 88087500?
75
What is the highest common factor of 45801 and 576?
9
Calculate the highest common factor of 35 and 13362272.
7
Calculate the greatest common factor of 132370 and 2621360.
2170
Calculate the highest common divisor of 3055 and 888394.
611
What is the highest common divisor of 2072 and 1692232?
296
What is the greatest common factor of 1509279 and 30621?
177
What is the highest common divisor of 7987 and 26404859?
163
Calculate the highest common divisor of 21209184 and 4224.
96
What is the greatest common divisor of 2583809 and 15347?
149
Calculate the highest common factor of 730784 and 11697.
557
What is the highest common factor of 37675855 and 245?
245
Calculate the greatest common divisor of 122927 and 86751.
119
Calculate the highest common divisor of 115414679 and 9271.
9271
Calculate the highest common divisor of 22564212 and 63879.
597
Calculate the greatest common factor of 38665 and 159315.
95
Calculate the greatest common divisor of 823 and 653462.
823
What is the greatest common divisor of 1311704 and 28928?
904
Calculate the greatest common factor of 3572 and 8537308.
76
Calculate the greatest common factor of 57984 and 651565.
151
What is the highest common divisor of 13336090 and 4255?
115
Calculate the highest common divisor of 2253833163 and 9.
9
What is the greatest common factor of 918 and 29140533?
459
Calculate the greatest common divisor of 49 and 11287885.
49
Calculate the greatest common divisor of 2231 and 741084656.
2231
Calculate the greatest common divisor of 24463405 and 3521.
503
What is the greatest common divisor of 497259 and 161?
7
Calculate the greatest common factor of 55354273 and 1027.
1027
What is the greatest common divisor of 17225102 and 1442?
206
What is the greatest common divisor of 46221 and 1288224?
1491
What is the greatest common divisor of 33736560 and 663?
39
What is the highest common divisor of 44 and 26875519?
11
Calculate the greatest common divisor of 21459782 and 92.
46
What is the greatest common divisor of 259 and 995225?
7
Calculate the highest common factor of 27414960 and 78.
6
What is the highest common factor of 2840 and 2420035?
355
Calculate the greatest common factor of 76741304 and 228.
76
What is the greatest common factor of 18174 and 543822?
1398
What is the greatest common factor of 163117888 and 256?
64
What is the highest common factor of 260 and 1628560?
20
Calculate the highest common divisor of 18960219 and 9.
9
Calculate the greatest common divisor of 609 and 5811582.
21
Calculate the greatest common divisor of 36575 and 71.
1
Calculate the highest common factor of 174936 and 369966.
1182
Calculate the highest common factor of 80422 and 26748968.
1018
Calculate the greatest common factor of 240066 and 2538.
18
Calculate the greatest common factor of 142 and 49322351.
71
What is the highest common divisor of 780 and 12688140?
60
Calculate the highest common factor of 144593894 and 2359.
337
Calculate the greatest common divisor of 550826 and 22156.
58
What is the greatest common divisor of 949155677 and 173?
173
What is the highest common factor of 286748 and 219527?
77
What is the greatest common divisor of 2759955 and 35310?
165
What is the greatest common factor of 710575 and 2075?
25
What is the greatest common factor of 3831236 and 28?
4
What is the greatest common divisor of 42834 and 1074348?
66
What is the greatest common factor of 42408035 and 20?
5
Calculate the greatest common divisor of 179799276 and 850.
34
Calculate the greatest common factor of 13 and 2103117133.
13
Calculate the greatest common divisor of 3124 and 5081328.
284
Calculate the highest common divisor of 348 and 213768.
12
Calculate the greatest common divisor of 8960 and 19250.
70
What is the greatest common divisor of 94012 and 752?
4
Calculate the greatest common divisor of 16900 and 676220.
20
Calculate the greatest common divisor of 9226749 and 43953.
3381
Calculate the highest common divisor of 14896 and 18708592.
784
What is the highest common divisor of 465 and 16296235?
155
Calculate the highest common divisor of 824787 and 80343.
1017
Calculate the highest common factor of 172525 and 3547650.
1675
What is the highest common factor of 20523184 and 1856?
464
What is the greatest common divisor of 143 and 93537675?
11
Calculate the highest common divisor of 62082800 and 312.
104
Calculate the highest common divisor of 21160 and 71271112.
4232
What is the greatest common factor of 305571 and 68523?
21
What is the greatest common factor of 53872593 and 645?
129
Calculate the greatest common divisor of 232458960 and 7230.
7230
What is the highest common factor of 3062 and 14685352?
3062
What is the greatest common divisor of 84509747 and 133?
7
Calculate the greatest common factor of 329314860 and 630.
630
Calculate the highest common divisor of 238152 and 31800.
24
What is the highest common divisor of 1405 and 81373385?
1405
What is the highest common divisor of 132104348 and 668?
668
Calculate the highest common divisor of 531 and 21039341.
59
Calculate the greatest common factor of 1153201 and 2.
1
What is the greatest common factor of 430 and 37641985?
215
What is the greatest common factor of 1948068 and 1007?
53
Calculate the highest common divisor of 1152 and 139794048.
1152
What is the highest common divisor of 12369 and 707451?
93
Calculate the highest common divisor of 10874736 and 34992.
3888
What is the highest common factor of 3744 and 13307424?
1248
Calculate the greatest common divisor of 1481377924 and 39.
13
What is the greatest common divisor of 23023 and 5803889?
2093
What is the greatest common divisor of 930384 and 83772?
468
What is the greatest common divisor of 1760 and 11420?
20
What is the greatest common divisor of 768394 and 1696?
106
Calculate the highest common divisor of 16673130 and 1220.
610
What is the greatest common factor of 319 and 15500529?
319
Calculate the highest common factor of 1864 and 10920011.
233
Calculate the greatest common factor of 50220417 and 117.
39
Calculate the greatest common divisor of 184 and 73517292.
92
What is the greatest common divisor of 34855366 and 3052?
1526
What is the greatest common divisor of 114980488 and 428?
428
Calculate the highest common factor of 11 and 4998983.
11
What is the greatest common divisor of 78 and 19995222?
78
What is the greatest common factor of 31424 and 133880?
8
What is the highest common factor of 2728057 and 6224?
389
What is the highest common factor of 133772 and 1060?
212
What is the highest common factor of 135 and 1258560?
45
What is the highest common factor of 858 and 286680966?
858
Calculate the greatest common divisor of 32 and 84687488.
32
Calculate the highest common factor of 35908920 and 233280.
3240
Calculate the greatest common factor of 240 and 378024000.
240
Calculate the greatest common factor of 1028214 and 51597.
81
What is the greatest common factor of 5994590 and 108605?
1015
What is the greatest common divisor of 3144 and 86608161?
393
What is the greatest common divisor of 55543125 and 12375?
4125
What is the greatest common divisor of 264018 and 137934?
474
Calculate the greatest common factor of 2922021 and 20763.
27
What is the greatest common factor of 668460 and 29952?
156
What is the greatest common factor of 544 and 3093439?
17
What is the greatest common factor of 420 and 2829470?
70
Calculate the highest common divisor of 804108558 and 25464.
6366
Calculate the greatest common divisor of 175004436 and 2796.
2796
Calculate the highest common divisor of 3936869483 and 19.
19
What is the highest common factor of 1316046 and 88049?
521
Calculate the highest common divisor of 192412957 and 33.
11
Calculate the greatest common factor of 9945 and 13662220.
1105
Calculate the highest common divisor of 22343894 and 2350.
94
What i